{"id":112,"date":"2023-08-22T10:44:40","date_gmt":"2023-08-22T14:44:40","guid":{"rendered":"https:\/\/pourapprendre.com\/index.php\/generated-homepage\/"},"modified":"2026-04-25T16:48:18","modified_gmt":"2026-04-25T20:48:18","slug":"generated-homepage","status":"publish","type":"page","link":"https:\/\/pourapprendre.com\/","title":{"rendered":"Trouver les formations que vous cherchez"},"content":{"rendered":"\t\t<div data-elementor-type=\"wp-page\" data-elementor-id=\"112\" class=\"elementor elementor-112\">\n\t\t\t\t<div class=\"elementor-element elementor-element-36a9a8f1 e-flex e-con-boxed e-con e-parent\" data-id=\"36a9a8f1\" data-element_type=\"container\" data-e-type=\"container\">\n\t\t\t\t\t<div class=\"e-con-inner\">\n\t\t\t\t<div class=\"elementor-element elementor-element-2c98cf15 elementor-widget elementor-widget-text-editor\" data-id=\"2c98cf15\" data-element_type=\"widget\" data-e-type=\"widget\" data-widget_type=\"text-editor.default\">\n\t\t\t\t\t\t\t\t\t<p><style>\n  :root {<br \/>    --orange: #ff7b31;<br \/>    --bleu: #171f46;<br \/>    --gris-clair: #ebf0f2;<br \/>    --mauve: #603a70;<br \/>    --jaune: #fad480;<br \/>    --texte: #171f46;<br \/>    --texte-secondaire: #545454;<br \/>  }<\/p>\n<p>  body, .pa-wrapper {<br \/>    background: #ffffff;<br \/>    color: var(--texte);<br \/>    font-family: system-ui, sans-serif;<br \/>    line-height: 1.45;<br \/>  }<\/p>\n<p>  .pa-wrapper {<br \/>    max-width: 760px;<br \/>    margin: 0 auto;<br \/>    padding: 1rem;<br \/>  }<\/p>\n<p>  h1, h2, h3, h4 {<br \/>    color: var(--bleu);<br \/>    margin-bottom: 0.4rem;<br \/>    line-height: 1.15;<br \/>  }<\/p>\n<p>  .pa-section {<br \/>    margin-bottom: 1.5rem;<br \/>    padding-bottom: 1rem;<br \/>    border-bottom: 1px solid #e6e6e6;<br \/>  }<\/p>\n<p>  .pa-hero img,<br \/>  .pa-article img {<br \/>    width: 100%;<br \/>    height: auto;<br \/>    border-radius: 0.6rem;<br \/>  }<\/p>\n<p>  .pa-tag {<br \/>    display: inline-block;<br \/>    background: var(--orange);<br \/>    color: #ffffff;<br \/>    padding: 0.25rem 0.6rem;<br \/>    border-radius: 0.4rem;<br \/>    font-size: 0.75rem;<br \/>    margin-bottom: 0.4rem;<br \/>  }<\/p>\n<p>  .pa-list {<br \/>    margin: 0.35rem 0 0;<br \/>    padding-left: 1.1rem;<br \/>  }<\/p>\n<p>  .pa-list li {<br \/>    margin-bottom: 0.2rem;<br \/>    color: var(--texte-secondaire);<br \/>    line-height: 1.35;<br \/>  }<\/p>\n<p>  .pa-card {<br \/>    background: #ffffff;<br \/>    border: 1px solid #eaeaea;<br \/>    padding: 0.75rem 0.9rem;<br \/>    border-radius: 0.55rem;<br \/>    margin-bottom: 0.8rem;<br \/>  }<\/p>\n<p>  .pa-card h3 {<br \/>    font-size: 1.15rem;<br \/>    margin-bottom: 0.25rem;<br \/>  }<\/p>\n<p>   .pa-card {<br \/>    background: #fff3ec;<br \/>    border: 1px solid #ffd9c4;<br \/>    padding: 0.75rem 0.9rem;<br \/>    border-radius: 0.55rem;<br \/>    margin-bottom: 0.8rem;<\/p>\n<p>  }<\/p>\n<p>  .pa-section:has(.pa-card) {<br \/>    display: grid;<br \/>    grid-template-columns: 1fr 1fr;<br \/>    gap: 0.8rem;<br \/>  }<\/p>\n<p>  .pa-section:has(.pa-card) h2,<br \/>  .pa-section:has(.pa-card) h3:not(.pa-card h3) {<br \/>    grid-column: 1 \/ -1;<br \/>  }<\/p>\n<p>  a {<br \/>    color: var(--orange);<br \/>    font-weight: 600;<br \/>  }<\/p>\n<p>  @media (max-width: 700px) {<br \/>    .pa-section:has(.pa-card) {<br \/>      display: block;<br \/>    }<br \/>  }<br \/><\/style>\n<\/p>\n<div class=\"pa-wrapper\">\n<p><!-- HERO --><\/p>\n<div class=\"pa-section pa-hero\">\n<p><span class=\"pa-tag\">Formations en ligne<\/span><\/p>\n<h1>Apprendre, \u00e7a peut \u00eatre simple.<\/h1>\n<p>Pourapprendre.com, votre destination pour des formations professionnelles sur mesure en <strong>Canva<\/strong> et en <strong>intelligence artificielle<\/strong>.<\/p>\n<p><img decoding=\"async\" src=\"https:\/\/pourapprendre.com\/wp-content\/uploads\/2025\/11\/Apprendre-en-ligne-1024x576.png\" alt=\"Apprendre en ligne\"><\/p>\n<\/div>\n<p><!-- TH\u00c9MATIQUES --><\/p>\n<div class=\"pa-section\">\n<h2>Deux th\u00e9matiques pour vous rendre autonome<\/h2>\n<div class=\"pa-card\">\n<h3>Canva \u2013 de A \u00e0 Z<\/h3>\n<ul class=\"pa-list\">\n<li>Am\u00e9liorer vos comp\u00e9tences en conception graphique<\/li>\n<li>Cr\u00e9er des visuels coh\u00e9rents<\/li>\n<li>Utiliser les mod\u00e8les et automatisations<\/li>\n<\/ul>\n<\/div>\n<div class=\"pa-card\">\n<h3>Intelligence artificielle<\/h3>\n<ul class=\"pa-list\">\n<li>Apprendre les bases de l\u2019IA<\/li>\n<li>Comprendre l\u2019\u00e9thique et les bonnes pratiques<\/li>\n<li>D\u00e9mystifier les outils<\/li>\n<\/ul>\n<\/div>\n<\/div>\n<p><!-- FORMATS --><\/p>\n<div class=\"pa-section\">\n<h2>Des formules adapt\u00e9es \u00e0 votre r\u00e9alit\u00e9<\/h2>\n<div class=\"pa-card\">\n<h3>En direct (synchrone)<\/h3>\n<p>Apprenez en groupe et posez vos questions en temps r\u00e9el.<\/p>\n<\/div>\n<div class=\"pa-card\">\n<h3>\u00c0 votre rythme<\/h3>\n<p>Apprenez selon votre horaire et vos disponibilit\u00e9s.<\/p>\n<\/div>\n<div class=\"pa-card\">\n<h3>Accompagnement priv\u00e9<\/h3>\n<p>Un soutien personnalis\u00e9 pour vos besoins sp\u00e9cifiques.<\/p>\n<\/div>\n<\/div>\n<p><!-- FORMATIONS \u00c0 VENIR --><\/p>\n<div class=\"pa-section\">\n<h2>Formations \u00e0 venir<\/h2>\n<h3>Isarta Formations \u2013 Jos\u00e9e Francoeur<\/h3>\n<div class=\"pa-card\"><a href=\"https:\/\/formations.isarta.com\/cours\/canva-pour-les-reseaux-sociaux-les-bases\/95\">Canva pour les r\u00e9seaux sociaux \u2013 Les bases<\/a><br><small>8 octobre 2026 \u2013 13h30 \u00e0 16h30<\/small><\/div>\n<div class=\"pa-card\"><a href=\"https:\/\/formations.isarta.com\/cours\/canva-pour-les-reseaux-sociaux-carrousel-instagram-et-linkedin\/95\">Carrousel Instagram et LinkedIn<\/a><br><small>14 mai 2026 \u2013 13h30 \u00e0 16h30<\/small><\/div><div class=\"pa-card\"><small>22 octobre 2026 &#8212; 13h30 \u00e0 16h30<\/small><\/div>\n<div class=\"pa-card\"><a href=\"https:\/\/formations.isarta.com\/cours\/canva-pour-les-reseaux-sociaux-montage-video-creation-dun-reel\/95\">Montage vid\u00e9o &amp; cr\u00e9ation d\u2019un Reel<\/a><br><small>21 mai 2026 \u2013 13h30 \u00e0 16h30<\/small><\/div><div class=\"pa-card\"><small>29 octobre 2026 &#8212; 13h30 \u00e0 16h30<\/small><\/div>\n<h3>C\u00e9gep Beauce\u2011Appalaches \u2013 Jos\u00e9e Francoeur<\/h3>\n<div class=\"pa-card\"><a href=\"https:\/\/cegepba.qc.ca\/programmes-fc\/canva\/\">Canva : un outil de conception graphique<\/a><br><small>7 avril au 19 mai 2026 \u2013 9h \u00e0 12h<\/small><\/div>\n<div class=\"pa-card\"><a href=\"https:\/\/cegepba.qc.ca\/programmes-fc\/canva-un-outil-de-conception-graphique-avance\/\">Canva (Avanc\u00e9)<\/a><br><small>28 avril au 26 mai 2026 \u2013 13h30 \u00e0 16h30<\/small><\/div>\n<\/div>\n<p><!-- ARTICLES --><\/p>\n<div class=\"pa-section\">\n<h2>Derniers articles<\/h2>\n<div class=\"pa-article pa-card\"><a href=\"https:\/\/pourapprendre.com\/index.php\/2025\/11\/06\/5-conseils-simples-pour-creer-des-presentations-efficaces\/\">5 conseils pour des pr\u00e9sentations efficaces<\/a> <img decoding=\"async\" src=\"https:\/\/pourapprendre.com\/wp-content\/uploads\/2025\/11\/Apprendre-en-ligne-1-1024x576.png\" alt=\"\"><\/div>\n<div class=\"pa-article pa-card\"><a href=\"https:\/\/pourapprendre.com\/index.php\/2025\/06\/19\/brouillon-autocomment-utiliser-veo-3-dans-canva-pour-creer-des-videos-avec-lia\/\">Comment utiliser Veo 3 dans Canva<\/a> <img decoding=\"async\" src=\"https:\/\/pourapprendre.com\/wp-content\/uploads\/2025\/06\/Veo3-dans-Canva-2-1024x576.png\" alt=\"\"><\/div>\n<div class=\"pa-article pa-card\"><a href=\"https:\/\/pourapprendre.com\/index.php\/2025\/04\/15\/canva-sheets-des-feuilles-de-calcul-qui-donnent-envie-de-jouer-avec-ses-donnees\/\">Canva Sheets<\/a> <img decoding=\"async\" src=\"https:\/\/pourapprendre.com\/wp-content\/uploads\/2025\/04\/Canva-Sheets-Chapitre-video-sur-YouTube-1-1024x576.png\" alt=\"\"><\/div>\n<\/div>\n<p><!-- \u00c0 PROPOS --><\/p>\n<div class=\"pa-section\">\n<h2>\u00c0 propos<\/h2>\n<p>Nous sommes passionn\u00e9s par l\u2019\u00e9ducation et l\u2019autonomisation des professionnels. Nos formations sont pratiques, accessibles et adapt\u00e9es \u00e0 votre r\u00e9alit\u00e9.<\/p>\n<\/div>\n<\/div>\t\t\t\t\t\t\t\t<\/div>\n\t\t\t\t\t<\/div>\n\t\t\t\t<\/div>\n\t\t\t\t<\/div>\n\t\t","protected":false},"excerpt":{"rendered":"<p>Formations en ligne Apprendre, \u00e7a peut \u00eatre simple. Pourapprendre.com, votre destination pour des formations professionnelles sur mesure en Canva et [&hellip;]<\/p>\n","protected":false},"author":2,"featured_media":0,"parent":0,"menu_order":0,"comment_status":"closed","ping_status":"closed","template":"","meta":{"footnotes":""},"class_list":["post-112","page","type-page","status-publish","hentry"],"yoast_head":"<!-- This site is optimized with the Yoast SEO plugin v27.5 - https:\/\/yoast.com\/product\/yoast-seo-wordpress\/ -->\n<title>Trouver les formations que vous cherchez - Pour Apprendre<\/title>\n<meta name=\"robots\" content=\"index, follow, max-snippet:-1, max-image-preview:large, max-video-preview:-1\" \/>\n<link rel=\"canonical\" href=\"https:\/\/pourapprendre.com\/\" \/>\n<meta property=\"og:locale\" content=\"fr_CA\" \/>\n<meta property=\"og:type\" content=\"article\" \/>\n<meta property=\"og:title\" content=\"Trouver les formations que vous cherchez - Pour Apprendre\" \/>\n<meta property=\"og:description\" content=\"Formations en ligne Apprendre, \u00e7a peut \u00eatre simple. Pourapprendre.com, votre destination pour des formations professionnelles sur mesure en Canva et [&hellip;]\" \/>\n<meta property=\"og:url\" content=\"https:\/\/pourapprendre.com\/\" \/>\n<meta property=\"og:site_name\" content=\"Pour Apprendre\" \/>\n<meta property=\"article:modified_time\" content=\"2026-04-25T20:48:18+00:00\" \/>\n<meta property=\"og:image\" content=\"https:\/\/pourapprendre.com\/wp-content\/uploads\/2025\/11\/Apprendre-en-ligne-1024x576.png\" \/>\n<meta name=\"twitter:card\" content=\"summary_large_image\" \/>\n<meta name=\"twitter:label1\" content=\"Estimation du temps de lecture\" \/>\n\t<meta name=\"twitter:data1\" content=\"2 minutes\" \/>\n<script type=\"application\/ld+json\" class=\"yoast-schema-graph\">{\"@context\":\"https:\\\/\\\/schema.org\",\"@graph\":[{\"@type\":\"WebPage\",\"@id\":\"https:\\\/\\\/pourapprendre.com\\\/\",\"url\":\"https:\\\/\\\/pourapprendre.com\\\/\",\"name\":\"Trouver les formations que vous cherchez - Pour Apprendre\",\"isPartOf\":{\"@id\":\"https:\\\/\\\/pourapprendre.com\\\/#website\"},\"primaryImageOfPage\":{\"@id\":\"https:\\\/\\\/pourapprendre.com\\\/#primaryimage\"},\"image\":{\"@id\":\"https:\\\/\\\/pourapprendre.com\\\/#primaryimage\"},\"thumbnailUrl\":\"https:\\\/\\\/pourapprendre.com\\\/wp-content\\\/uploads\\\/2025\\\/11\\\/Apprendre-en-ligne-1024x576.png\",\"datePublished\":\"2023-08-22T14:44:40+00:00\",\"dateModified\":\"2026-04-25T20:48:18+00:00\",\"breadcrumb\":{\"@id\":\"https:\\\/\\\/pourapprendre.com\\\/#breadcrumb\"},\"inLanguage\":\"fr-CA\",\"potentialAction\":[{\"@type\":\"ReadAction\",\"target\":[\"https:\\\/\\\/pourapprendre.com\\\/\"]}]},{\"@type\":\"ImageObject\",\"inLanguage\":\"fr-CA\",\"@id\":\"https:\\\/\\\/pourapprendre.com\\\/#primaryimage\",\"url\":\"https:\\\/\\\/pourapprendre.com\\\/wp-content\\\/uploads\\\/2025\\\/11\\\/Apprendre-en-ligne.png\",\"contentUrl\":\"https:\\\/\\\/pourapprendre.com\\\/wp-content\\\/uploads\\\/2025\\\/11\\\/Apprendre-en-ligne.png\",\"width\":2240,\"height\":1260},{\"@type\":\"BreadcrumbList\",\"@id\":\"https:\\\/\\\/pourapprendre.com\\\/#breadcrumb\",\"itemListElement\":[{\"@type\":\"ListItem\",\"position\":1,\"name\":\"Accueil\",\"item\":\"https:\\\/\\\/pourapprendre.com\\\/\"},{\"@type\":\"ListItem\",\"position\":2,\"name\":\"Trouver les formations que vous cherchez\"}]},{\"@type\":\"WebSite\",\"@id\":\"https:\\\/\\\/pourapprendre.com\\\/#website\",\"url\":\"https:\\\/\\\/pourapprendre.com\\\/\",\"name\":\"Pour apprendre\",\"description\":\"Am\u00e9liore tes comp\u00e9tences dans le plaisir.\",\"publisher\":{\"@id\":\"https:\\\/\\\/pourapprendre.com\\\/#organization\"},\"potentialAction\":[{\"@type\":\"SearchAction\",\"target\":{\"@type\":\"EntryPoint\",\"urlTemplate\":\"https:\\\/\\\/pourapprendre.com\\\/?s={search_term_string}\"},\"query-input\":{\"@type\":\"PropertyValueSpecification\",\"valueRequired\":true,\"valueName\":\"search_term_string\"}}],\"inLanguage\":\"fr-CA\"},{\"@type\":\"Organization\",\"@id\":\"https:\\\/\\\/pourapprendre.com\\\/#organization\",\"name\":\"Pour apprendre\",\"url\":\"https:\\\/\\\/pourapprendre.com\\\/\",\"logo\":{\"@type\":\"ImageObject\",\"inLanguage\":\"fr-CA\",\"@id\":\"https:\\\/\\\/pourapprendre.com\\\/#\\\/schema\\\/logo\\\/image\\\/\",\"url\":\"https:\\\/\\\/pourapprendre.com\\\/wp-content\\\/uploads\\\/2023\\\/08\\\/Pour-Apprendre-Icone-1.png\",\"contentUrl\":\"https:\\\/\\\/pourapprendre.com\\\/wp-content\\\/uploads\\\/2023\\\/08\\\/Pour-Apprendre-Icone-1.png\",\"width\":1563,\"height\":1563,\"caption\":\"Pour apprendre\"},\"image\":{\"@id\":\"https:\\\/\\\/pourapprendre.com\\\/#\\\/schema\\\/logo\\\/image\\\/\"}}]}<\/script>\n<!-- \/ Yoast SEO plugin. -->","yoast_head_json":{"title":"Trouver les formations que vous cherchez - Pour Apprendre","robots":{"index":"index","follow":"follow","max-snippet":"max-snippet:-1","max-image-preview":"max-image-preview:large","max-video-preview":"max-video-preview:-1"},"canonical":"https:\/\/pourapprendre.com\/","og_locale":"fr_CA","og_type":"article","og_title":"Trouver les formations que vous cherchez - Pour Apprendre","og_description":"Formations en ligne Apprendre, \u00e7a peut \u00eatre simple. Pourapprendre.com, votre destination pour des formations professionnelles sur mesure en Canva et [&hellip;]","og_url":"https:\/\/pourapprendre.com\/","og_site_name":"Pour Apprendre","article_modified_time":"2026-04-25T20:48:18+00:00","og_image":[{"url":"https:\/\/pourapprendre.com\/wp-content\/uploads\/2025\/11\/Apprendre-en-ligne-1024x576.png","type":"","width":"","height":""}],"twitter_card":"summary_large_image","twitter_misc":{"Estimation du temps de lecture":"2 minutes"},"schema":{"@context":"https:\/\/schema.org","@graph":[{"@type":"WebPage","@id":"https:\/\/pourapprendre.com\/","url":"https:\/\/pourapprendre.com\/","name":"Trouver les formations que vous cherchez - Pour Apprendre","isPartOf":{"@id":"https:\/\/pourapprendre.com\/#website"},"primaryImageOfPage":{"@id":"https:\/\/pourapprendre.com\/#primaryimage"},"image":{"@id":"https:\/\/pourapprendre.com\/#primaryimage"},"thumbnailUrl":"https:\/\/pourapprendre.com\/wp-content\/uploads\/2025\/11\/Apprendre-en-ligne-1024x576.png","datePublished":"2023-08-22T14:44:40+00:00","dateModified":"2026-04-25T20:48:18+00:00","breadcrumb":{"@id":"https:\/\/pourapprendre.com\/#breadcrumb"},"inLanguage":"fr-CA","potentialAction":[{"@type":"ReadAction","target":["https:\/\/pourapprendre.com\/"]}]},{"@type":"ImageObject","inLanguage":"fr-CA","@id":"https:\/\/pourapprendre.com\/#primaryimage","url":"https:\/\/pourapprendre.com\/wp-content\/uploads\/2025\/11\/Apprendre-en-ligne.png","contentUrl":"https:\/\/pourapprendre.com\/wp-content\/uploads\/2025\/11\/Apprendre-en-ligne.png","width":2240,"height":1260},{"@type":"BreadcrumbList","@id":"https:\/\/pourapprendre.com\/#breadcrumb","itemListElement":[{"@type":"ListItem","position":1,"name":"Accueil","item":"https:\/\/pourapprendre.com\/"},{"@type":"ListItem","position":2,"name":"Trouver les formations que vous cherchez"}]},{"@type":"WebSite","@id":"https:\/\/pourapprendre.com\/#website","url":"https:\/\/pourapprendre.com\/","name":"Pour apprendre","description":"Am\u00e9liore tes comp\u00e9tences dans le plaisir.","publisher":{"@id":"https:\/\/pourapprendre.com\/#organization"},"potentialAction":[{"@type":"SearchAction","target":{"@type":"EntryPoint","urlTemplate":"https:\/\/pourapprendre.com\/?s={search_term_string}"},"query-input":{"@type":"PropertyValueSpecification","valueRequired":true,"valueName":"search_term_string"}}],"inLanguage":"fr-CA"},{"@type":"Organization","@id":"https:\/\/pourapprendre.com\/#organization","name":"Pour apprendre","url":"https:\/\/pourapprendre.com\/","logo":{"@type":"ImageObject","inLanguage":"fr-CA","@id":"https:\/\/pourapprendre.com\/#\/schema\/logo\/image\/","url":"https:\/\/pourapprendre.com\/wp-content\/uploads\/2023\/08\/Pour-Apprendre-Icone-1.png","contentUrl":"https:\/\/pourapprendre.com\/wp-content\/uploads\/2023\/08\/Pour-Apprendre-Icone-1.png","width":1563,"height":1563,"caption":"Pour apprendre"},"image":{"@id":"https:\/\/pourapprendre.com\/#\/schema\/logo\/image\/"}}]}},"_links":{"self":[{"href":"https:\/\/pourapprendre.com\/index.php\/wp-json\/wp\/v2\/pages\/112","targetHints":{"allow":["GET"]}}],"collection":[{"href":"https:\/\/pourapprendre.com\/index.php\/wp-json\/wp\/v2\/pages"}],"about":[{"href":"https:\/\/pourapprendre.com\/index.php\/wp-json\/wp\/v2\/types\/page"}],"author":[{"embeddable":true,"href":"https:\/\/pourapprendre.com\/index.php\/wp-json\/wp\/v2\/users\/2"}],"replies":[{"embeddable":true,"href":"https:\/\/pourapprendre.com\/index.php\/wp-json\/wp\/v2\/comments?post=112"}],"version-history":[{"count":98,"href":"https:\/\/pourapprendre.com\/index.php\/wp-json\/wp\/v2\/pages\/112\/revisions"}],"predecessor-version":[{"id":584,"href":"https:\/\/pourapprendre.com\/index.php\/wp-json\/wp\/v2\/pages\/112\/revisions\/584"}],"wp:attachment":[{"href":"https:\/\/pourapprendre.com\/index.php\/wp-json\/wp\/v2\/media?parent=112"}],"curies":[{"name":"wp","href":"https:\/\/api.w.org\/{rel}","templated":true}]}}